 3136205315?
2
What is the millions digit of 47378015?
7
What is the hundred millions digit of 6152446666?
1
What is the hundreds digit of 22670091?
0
What is the ten millions digit of 621345637?
2
What is the ten millions digit of 99350770?
9
What is the hundreds digit of 2089160957?
9
What is the ten thousands digit of 5253838?
5
What is the hundreds digit of 41253706?
7
What is the millions digit of 468439153?
8
What is the thousands digit of 1222651471?
1
What is the thousands digit of 255125909?
5
What is the hundred thousands digit of 71580708?
5
What is the tens digit of 4701984430?
3
What is the hundred thousands digit of 27385832?
3
What is the units digit of 31879904?
4
What is the hundred thousands digit of 3113983831?
9
What is the units digit of 859943058?
8
What is the units digit of 209029059?
9
What is the hundred thousands digit of 2046622273?
6
What is the units digit of 2101239250?
0
What is the units digit of 448780736?
6
What is the ten millions digit of 6822609532?
2
What is the ten thousands digit of 58250858?
5
What is the ten thousands digit of 123222113?
2
What is the millions digit of 56262982?
6
What is the hundreds digit of 36269030?
0
What is the hundreds digit of 12857567?
5
What is the hundred thousands digit of 198346566?
3
What is the ten thousands digit of 5199518339?
1
What is the millions digit of 373088667?
3
What is the thousands digit of 240649849?
9
What is the ten thousands digit of 1520405480?
0
What is the ten millions digit of 94119157?
9
What is the millions digit of 1755450405?
5
What is the hundred thousands digit of 4489727680?
7
What is the hundred thousands digit of 2599230859?
2
What is the ten thousands digit of 530208737?
0
What is the tens digit of 1384562462?
6
What is the thousands digit of 13051348?
1
What is the tens digit of 20443220?
2
What is the billions digit of 1885961135?
1
What is the ten thousands digit of 76974231?
7
What is the ten thousands digit of 2522397949?
9
What is the hundred millions digit of 180074445?
1
What is the thousands digit of 414314030?
4
What is the millions digit of 175158906?
5
What is the millions digit of 68119477?
8
What is the hundreds digit of 18290544?
5
What is the ten millions digit of 92547505?
9
What is the thousands digit of 1206903008?
3
What is the billions digit of 1455798112?
1
What is the ten millions digit of 419204635?
1
What is the units digit of 24822192?
2
What is the ten millions digit of 30361556?
3
What is the thousands digit of 964119124?
9
What is the ten millions digit of 8078360189?
7
What is the thousands digit of 1104832422?
2
What is the units digit of 1143004408?
8
What is the ten thousands digit of 1455201388?
0
What is the millions digit of 231171286?
1
What is the ten thousands digit of 174149890?
4
What is the ten millions digit of 176573578?
7
What is the tens digit of 726583369?
6
What is the units digit of 90297564?
4
What is the billions digit of 2015307636?
2
What is the tens digit of 47962422?
2
What is the hundreds digit of 3006929235?
2
What is the units digit of 1204933891?
1
What is the ten thousands digit of 222189548?
8
What is the thousands digit of 53748471?
8
What is the millions digit of 1396562910?
6
What is the units digit of 223114866?
6
What is the hundreds digit of 61974455?
4
What is the millions digit of 982363252?
2
What is the hundred thousands digit of 2750787?
7
What is the millions digit of 62545331?
2
What is the hundred thousands digit of 2666491141?
4
What is the hundred millions digit of 2549993443?
5
What is the thousands digit of 185769486?
9
What is the hundreds digit of 724301361?
3
What is the millions digit of 6481542236?
1
What is the millions digit of 69560030?
9
What is the ten thousands digit of 273976057?
7
What is the millions digit of 21008654?
1
What is the millions digit of 1128004193?
8
What is the tens digit of 1697550?
5
What is the tens digit of 365162672?
7
What is the ten millions digit of 2431327623?
3
What is the hundred millions digit of 305931736?
3
What is the hundred thousands digit of 21733744?
7
What is the ten thousands digit of 14194122?
9
What is the hundred millions digit of 9373677815?
3
What is the tens digit of 35218789?
8
What is the thousands digit of 110413358?
3
What is the hundreds digit of 413518665?
6
What is the tens digit of 60550931?
3
What is the ten thousands digit of 723693571?
9
What is the hundred thousands digit of 220099893?
0
What is the tens digit of 38441766?
6
What is the thousands digit of 1356849949?
9
What is the millions digit of 2500933425?
0
What is the millions digit of 199398169?
9
What is the thousands digit of 83994447?
4
What is the hundred thousands digit of 50575985?
5
What is the tens digit of 633971195?
9
What is the ten millions digit of 1499121006?
9
What is the millions digit of 162333904?
2
What is the ten millions digit of 65641802?
6
What is the hundred thousands digit of 65960701?
9
What is the ten thousands digit of 19583731?
8
What is the hundred thousands digit of 10726035?
7
What is the thousands digit of 1272663230?
3
What is the hundred millions digit of 634736242?
6
What is the hundred millions digit of 251410327?
2
What is the units digit of 4892267268?
8
What is the ten millions digit of 179940121?
7
What is the units digit of 299870318?
8
What is the thousands digit of 277430121?
0
What is the units digit of 206305191?
1
What is the units digit of 119723848?
8
What is the units digit of 404124399?
9
What is the hundred thousands digit of 40521179?
5
What is the hundreds digit of 2428276650?
6
What is the hundred millions digit of 1306023469?
3
What is the millions digit of 2001741828?
1
What is the ten millions digit of 140419380?
4
What is the tens digit of 73549540?
4
What is the hundred millions digit of 845753177?
8
What is the hundred millions digit of 391624444?
3
What is the hundred millions digit of 685983063?
6
What is the hundred millions digit of 118557391?
1
What is the ten millions digit of 739567897?
3
What is the ten millions digit of 107130908?
0
What is the tens digit of 3681343868?
6
What is the tens digit of 5949202781?
8
What is the units digit of 245095725?
5
What is the hundreds digit of 1699457423?
4
What is the ten thousands digit of 58926500?
2
What is the tens digit of 64374338?
3
What is the millions digit of 847801597?
7
What is the tens digit of 436737384?
8
What is the units digit of 172458348?
8
What is the hundreds digit of 7910474?
4
What is the thousands digit of 617095460?
5
What is the thousands digit of 726341477?
1
What is the thousands digit of 45179992?
9
What is the hundred thousands digit of 66447460?
4
What is the hundred millions digit of 296651593?
2
What is the tens digit of 4685526865?
6
What is the hundred millions digit of 3386799411?
3
What is the ten millions digit of 707770779?
0
What is the hundred thousands digit of 826195161?
1
What is the tens digit of 753807382?
8
What is the millions digit of 1470222302?
0
What is the hundred thousands digit of 999006922?
0
What is the hundred thousands digit of 328192331?
1
What is the units digit of 939371231?
1
What is the tens digit of 183134441?
4
What is the hundreds digit of 161562415?
4
What is the tens digit of 2776135571?
7
What is the ten thousands digit of 38971530?
7
What is the ten thousands digit of 51996320?
9
What is the hundred thousands digit of 144600183?
6
What is the hundreds digit of 91885097?
0
What is the ten thousands digit of 77769559?
6
What is the hundred thousands digit of 252458301?
4
What is the ten thousands digit of 5646836463?
3
What is the hundred thousands digit of 4758557747?
5
What is the hundreds digit of 941984248?
2
What is the ten millions digit of 187365558?
8
What is the thousands digit of 42006654?
6
What is the hundreds digit of 356895787?
7
What is the thousands digit of 80474483?
4
What is the thousands digit of 291222253?
2
What is the millions digit of 44872731?
4
What is the hundreds digit of 110627780?
7
What is the ten thousands digit of 535762647?
6
What is the tens digit of 69054001?
0
What is the thousands digit of 1411825123?
5
What is the thousands digit of 1004979235?
9
What is the tens digit of 1815582930?
3
What is the hundreds digit of 187873